{"id":2,"date":"2023-06-30T01:24:45","date_gmt":"2023-06-30T01:24:45","guid":{"rendered":"https:\/\/queenshpinc.com\/?page_id=2"},"modified":"2023-07-10T18:12:58","modified_gmt":"2023-07-10T18:12:58","slug":"bienvenidos","status":"publish","type":"page","link":"https:\/\/queenshpinc.com\/","title":{"rendered":"Desfile Anual y Festival"},"content":{"rendered":"\n<p>Todos los a\u00f1os, durante el mes de la Herencia Nacional Hispana, a fines de septiembre, la Organizaci\u00f3n patrocina una exhibici\u00f3n cultural festiva de diversidad, tradici\u00f3n, folclore y unidad entre la comunidad hispana de Queens. El desfile se lleva a cabo en el distrito de Queens, en el barrio de Jackson Heights.<\/p>\n\n\n\n<p>El Mes Nacional de la Herencia Hispana comienza el d\u00eda 15 de cada septiembre y termina el 15 de octubre de todos y cada uno de los a\u00f1os del calendario desde 1968. Fue proclamado por primera vez bajo el presidente Lyndon Johnson como la \u00abSemana Nacional de la Herencia Hispana\u00bb, y luego ampliado por el presidente Ronald Reagan como una conmemoraci\u00f3n de un mes, de conformidad con la Ley P\u00fablica 100-402.<\/p>\n\n\n\n<p><strong><mark style=\"background-color:rgba(0, 0, 0, 0)\" class=\"has-inline-color has-luminous-vivid-amber-color\">Desfile y Cena de Gala<\/mark><\/strong><\/p>\n\n\n\n<p>Cada a\u00f1o durante el mes de agosto, la Organizaci\u00f3n patrocina un concurso que se centra en reconocer a los concursantes m\u00e1s destacados que mejor puedan representar a la comunidad latina del queens.<\/p>\n","protected":false},"excerpt":{"rendered":"<p>Todos los a\u00f1os, durante el mes de la Herencia Nacional Hispana, a fines de septiembre, la Organizaci\u00f3n patrocina una exhibici\u00f3n cultural festiva de diversidad, tradici\u00f3n, folclore y unidad entre la comunidad hispana de Queens. El desfile se lleva a cabo en el distrito de Queens, en el barrio de Jackson Heights. El Mes Nacional de [&hellip;]<\/p>\n","protected":false},"author":1,"featured_media":0,"parent":0,"menu_order":0,"comment_status":"closed","ping_status":"closed","template":"","meta":{"footnotes":""},"class_list":["post-2","page","type-page","status-publish","hentry"],"yoast_head":"<!-- This site is optimized with the Yoast SEO plugin v24.2 - https:\/\/yoast.com\/wordpress\/plugins\/seo\/ -->\n<title>Desfile Anual y Festival - Queens Hispanic Parade<\/title>\n<meta name=\"description\" content=\"Todos los a\u00f1os, durante el mes de la Herencia Nacional Hispana, a fines de septiembre, la Organizaci\u00f3n patrocina una exhibici\u00f3n cultural festiva de diversidad, tradici\u00f3n, folclore y unidad entre la comunidad hispana de Queens. El desfile se lleva a cabo en el distrito de Queens, en el barrio de Jackson Heights.\" \/>\n<meta name=\"robots\" content=\"index, follow, max-snippet:-1, max-image-preview:large, max-video-preview:-1\" \/>\n<link rel=\"canonical\" href=\"https:\/\/queenshpinc.com\/\" \/>\n<meta property=\"og:locale\" content=\"es_ES\" \/>\n<meta property=\"og:type\" content=\"article\" \/>\n<meta property=\"og:title\" content=\"Desfile Anual y Festival - Queens Hispanic Parade\" \/>\n<meta property=\"og:description\" content=\"Todos los a\u00f1os, durante el mes de la Herencia Nacional Hispana, a fines de septiembre, la Organizaci\u00f3n patrocina una exhibici\u00f3n cultural festiva de diversidad, tradici\u00f3n, folclore y unidad entre la comunidad hispana de Queens. El desfile se lleva a cabo en el distrito de Queens, en el barrio de Jackson Heights.\" \/>\n<meta property=\"og:url\" content=\"https:\/\/queenshpinc.com\/\" \/>\n<meta property=\"og:site_name\" content=\"Queens Hispanic Parade\" \/>\n<meta property=\"article:modified_time\" content=\"2023-07-10T18:12:58+00:00\" \/>\n<meta name=\"twitter:card\" content=\"summary_large_image\" \/>\n<meta name=\"twitter:label1\" content=\"Tiempo de lectura\" \/>\n\t<meta name=\"twitter:data1\" content=\"1 minuto\" \/>\n<script type=\"application\/ld+json\" class=\"yoast-schema-graph\">{\"@context\":\"https:\/\/schema.org\",\"@graph\":[{\"@type\":\"WebPage\",\"@id\":\"https:\/\/queenshpinc.com\/\",\"url\":\"https:\/\/queenshpinc.com\/\",\"name\":\"Desfile Anual y Festival - Queens Hispanic Parade\",\"isPartOf\":{\"@id\":\"https:\/\/queenshpinc.com\/#website\"},\"datePublished\":\"2023-06-30T01:24:45+00:00\",\"dateModified\":\"2023-07-10T18:12:58+00:00\",\"description\":\"Todos los a\u00f1os, durante el mes de la Herencia Nacional Hispana, a fines de septiembre, la Organizaci\u00f3n patrocina una exhibici\u00f3n cultural festiva de diversidad, tradici\u00f3n, folclore y unidad entre la comunidad hispana de Queens. El desfile se lleva a cabo en el distrito de Queens, en el barrio de Jackson Heights.\",\"breadcrumb\":{\"@id\":\"https:\/\/queenshpinc.com\/#breadcrumb\"},\"inLanguage\":\"es\",\"potentialAction\":[{\"@type\":\"ReadAction\",\"target\":[\"https:\/\/queenshpinc.com\/\"]}]},{\"@type\":\"BreadcrumbList\",\"@id\":\"https:\/\/queenshpinc.com\/#breadcrumb\",\"itemListElement\":[{\"@type\":\"ListItem\",\"position\":1,\"name\":\"Portada\",\"item\":\"https:\/\/queenshpinc.com\/\"},{\"@type\":\"ListItem\",\"position\":2,\"name\":\"Desfile Anual y Festival\"}]},{\"@type\":\"WebSite\",\"@id\":\"https:\/\/queenshpinc.com\/#website\",\"url\":\"https:\/\/queenshpinc.com\/\",\"name\":\"Queens Hispanic Parade\",\"description\":\"\",\"publisher\":{\"@id\":\"https:\/\/queenshpinc.com\/#organization\"},\"potentialAction\":[{\"@type\":\"SearchAction\",\"target\":{\"@type\":\"EntryPoint\",\"urlTemplate\":\"https:\/\/queenshpinc.com\/?s={search_term_string}\"},\"query-input\":{\"@type\":\"PropertyValueSpecification\",\"valueRequired\":true,\"valueName\":\"search_term_string\"}}],\"inLanguage\":\"es\"},{\"@type\":\"Organization\",\"@id\":\"https:\/\/queenshpinc.com\/#organization\",\"name\":\"Queens Hispanic Parade\",\"url\":\"https:\/\/queenshpinc.com\/\",\"logo\":{\"@type\":\"ImageObject\",\"inLanguage\":\"es\",\"@id\":\"https:\/\/queenshpinc.com\/#\/schema\/logo\/image\/\",\"url\":\"https:\/\/queenshpinc.com\/wp-content\/uploads\/2023\/07\/cropped-logo-2020.png\",\"contentUrl\":\"https:\/\/queenshpinc.com\/wp-content\/uploads\/2023\/07\/cropped-logo-2020.png\",\"width\":900,\"height\":764,\"caption\":\"Queens Hispanic Parade\"},\"image\":{\"@id\":\"https:\/\/queenshpinc.com\/#\/schema\/logo\/image\/\"}}]}<\/script>\n<!-- \/ Yoast SEO plugin. -->","yoast_head_json":{"title":"Desfile Anual y Festival - Queens Hispanic Parade","description":"Todos los a\u00f1os, durante el mes de la Herencia Nacional Hispana, a fines de septiembre, la Organizaci\u00f3n patrocina una exhibici\u00f3n cultural festiva de diversidad, tradici\u00f3n, folclore y unidad entre la comunidad hispana de Queens. El desfile se lleva a cabo en el distrito de Queens, en el barrio de Jackson Heights.","robots":{"index":"index","follow":"follow","max-snippet":"max-snippet:-1","max-image-preview":"max-image-preview:large","max-video-preview":"max-video-preview:-1"},"canonical":"https:\/\/queenshpinc.com\/","og_locale":"es_ES","og_type":"article","og_title":"Desfile Anual y Festival - Queens Hispanic Parade","og_description":"Todos los a\u00f1os, durante el mes de la Herencia Nacional Hispana, a fines de septiembre, la Organizaci\u00f3n patrocina una exhibici\u00f3n cultural festiva de diversidad, tradici\u00f3n, folclore y unidad entre la comunidad hispana de Queens. El desfile se lleva a cabo en el distrito de Queens, en el barrio de Jackson Heights.","og_url":"https:\/\/queenshpinc.com\/","og_site_name":"Queens Hispanic Parade","article_modified_time":"2023-07-10T18:12:58+00:00","twitter_card":"summary_large_image","twitter_misc":{"Tiempo de lectura":"1 minuto"},"schema":{"@context":"https:\/\/schema.org","@graph":[{"@type":"WebPage","@id":"https:\/\/queenshpinc.com\/","url":"https:\/\/queenshpinc.com\/","name":"Desfile Anual y Festival - Queens Hispanic Parade","isPartOf":{"@id":"https:\/\/queenshpinc.com\/#website"},"datePublished":"2023-06-30T01:24:45+00:00","dateModified":"2023-07-10T18:12:58+00:00","description":"Todos los a\u00f1os, durante el mes de la Herencia Nacional Hispana, a fines de septiembre, la Organizaci\u00f3n patrocina una exhibici\u00f3n cultural festiva de diversidad, tradici\u00f3n, folclore y unidad entre la comunidad hispana de Queens. El desfile se lleva a cabo en el distrito de Queens, en el barrio de Jackson Heights.","breadcrumb":{"@id":"https:\/\/queenshpinc.com\/#breadcrumb"},"inLanguage":"es","potentialAction":[{"@type":"ReadAction","target":["https:\/\/queenshpinc.com\/"]}]},{"@type":"BreadcrumbList","@id":"https:\/\/queenshpinc.com\/#breadcrumb","itemListElement":[{"@type":"ListItem","position":1,"name":"Portada","item":"https:\/\/queenshpinc.com\/"},{"@type":"ListItem","position":2,"name":"Desfile Anual y Festival"}]},{"@type":"WebSite","@id":"https:\/\/queenshpinc.com\/#website","url":"https:\/\/queenshpinc.com\/","name":"Queens Hispanic Parade","description":"","publisher":{"@id":"https:\/\/queenshpinc.com\/#organization"},"potentialAction":[{"@type":"SearchAction","target":{"@type":"EntryPoint","urlTemplate":"https:\/\/queenshpinc.com\/?s={search_term_string}"},"query-input":{"@type":"PropertyValueSpecification","valueRequired":true,"valueName":"search_term_string"}}],"inLanguage":"es"},{"@type":"Organization","@id":"https:\/\/queenshpinc.com\/#organization","name":"Queens Hispanic Parade","url":"https:\/\/queenshpinc.com\/","logo":{"@type":"ImageObject","inLanguage":"es","@id":"https:\/\/queenshpinc.com\/#\/schema\/logo\/image\/","url":"https:\/\/queenshpinc.com\/wp-content\/uploads\/2023\/07\/cropped-logo-2020.png","contentUrl":"https:\/\/queenshpinc.com\/wp-content\/uploads\/2023\/07\/cropped-logo-2020.png","width":900,"height":764,"caption":"Queens Hispanic Parade"},"image":{"@id":"https:\/\/queenshpinc.com\/#\/schema\/logo\/image\/"}}]}},"_links":{"self":[{"href":"https:\/\/queenshpinc.com\/index.php\/wp-json\/wp\/v2\/pages\/2","targetHints":{"allow":["GET"]}}],"collection":[{"href":"https:\/\/queenshpinc.com\/index.php\/wp-json\/wp\/v2\/pages"}],"about":[{"href":"https:\/\/queenshpinc.com\/index.php\/wp-json\/wp\/v2\/types\/page"}],"author":[{"embeddable":true,"href":"https:\/\/queenshpinc.com\/index.php\/wp-json\/wp\/v2\/users\/1"}],"replies":[{"embeddable":true,"href":"https:\/\/queenshpinc.com\/index.php\/wp-json\/wp\/v2\/comments?post=2"}],"version-history":[{"count":1,"href":"https:\/\/queenshpinc.com\/index.php\/wp-json\/wp\/v2\/pages\/2\/revisions"}],"predecessor-version":[{"id":37,"href":"https:\/\/queenshpinc.com\/index.php\/wp-json\/wp\/v2\/pages\/2\/revisions\/37"}],"wp:attachment":[{"href":"https:\/\/queenshpinc.com\/index.php\/wp-json\/wp\/v2\/media?parent=2"}],"curies":[{"name":"wp","href":"https:\/\/api.w.org\/{rel}","templated":true}]}}